*3 + 4*d**2 - 3*d + 3. Let i(s) = -2*a(s) - b(s). Determine i(0).
-5
Let z(u) = -u**2 + 3*u - 43*u + 48*u. Determine z(8).
0
Let f be 25 - (-3 - -3)*(0 - 1). Let j be (20/f)/((4/(-5))/4). Let a(q) = -q**2 - 6*q - 6. Calculate a(j).
2
Let m(r) be the second derivative of r**4/4 + r**3/6 - r**2/2 + r. Let l = -98 - -105. Let u be -3*l/42*(-1 + -1). Determine m(u).
3
Let r(j) be the first derivative of 2*j**4 - j**2 - j - 3. Suppose -5 + 17 = -2*y - 2*d, 26 = -y - 5*d. What is r(y)?
-7
Let x be 4/20 + 16/(-5). Suppose -4*n = -n - 12. Let v(f) = -61*f - 3 + 58*f + n. Calculate v(x).
10
Let h(c) be the second derivative of c**5/120 - 7*c**4/24 - 2*c**3 - 7*c. Let l(j) be the second derivative of h(j). What is l(6)?
-1
Let n(h) = -h**3 + 10*h**2 - h - 9. Let q = 574 - 564. Give n(q).
-19
Suppose -5*w = 3*d + 32, -4*w = 5*d - 1 + 24. Suppose 2*q + 15 = 5*q. Let l(z) = -z + 4 + 0 - q - 7. Calculate l(w).
-1
Let i(o) = 2*o**2 + 7*o - 5. Let j(p) = 5*p**2 + 19*p - 13. Let q(b) = 8*i(b) - 3*j(b). What is q(-4)?
19
Let j(i) = 24*i**3 + 2*i**2 + 2*i + 1. Suppose -8 = -2*h, 18*v - 23*v = 3*h - 7. Give j(v).
-23
Let n = -15 - -6. Let q(h) = 56*h**3 + 86*h + 7 - 27*h**3 - 8*h**2 - 30*h**3 - 77*h. Give q(n).
7
Let w(d) = -3*d**2 - d - 5. Let m(k) = 2*k**2 + 5. Let c be 2*(-1 - (-1 - -2)). Let b(x) = c*m(x) - 3*w(x). Determine b(-5).
5
Let z(p) = 3 - 29*p**2 + 60*p**2 - 3 - 2*p + 1. Determine z(1).
30
Let b = 0 + 5. Suppose -5*t = 3*j - 100, 0 = -4*t + 5*t + j - 20. Suppose -c = -b*c + t. Let v(q) = q - 2. Give v(c).
3
Let v = -122 - -129. Let n(f) = -7*f + 15*f - 2*f - v*f. Give n(1).
-1
Let f(s) = 2*s - 3. Suppose 0 = 3*y + 2*x + 37, 12*y - 9*y - 2*x + 17 = 0. What is f(y)?
-21
Let a(i) be the third derivative of -i**5/60 + i**4/6 + 2*i**3/3 + 335*i**2 - 4. Suppose -3*u + 0*u + 18 = 0. Give a(u).
-8
Let q(d) = 2*d**2 + d. Let a be q(-2). Suppose a = 5*h - 3*h. Let y(z) = -5*z. Let l(k) = -4*k. Let o(u) = 6*l(u) - 5*y(u). Calculate o(h).
3
Let i(g) = g**3 + 6*g**2 + 5*g. Let h(f) = f**3 + 10*f**2 - 11*f + 4. Let l be h(-11). Suppose -3 = -s - l*p, 3*s + 17 = -0*s + p. What is i(s)?
0
Let m(l) = -10 + 0*l - 9*l + 11*l. Let a be m(6). Suppose d + a*d = 0. Let o(p) = p + 4. Determine o(d).
4
Suppose -1 = -i - 4*k + 12, 2*k = -5*i + 29. Let w(t) = 4*t - 8. Let n(a) = 7*a - 20 + 8 - a + 0*a. Let q(g) = i*n(g) - 8*w(g). Give q(6).
-8
Suppose -6*d = -2*d - 12. Let o(c) = -c + 3 + d + 2 - 5. Suppose 5*h + 18 = 3*y, 24 = 4*y - 7*h + 9*h. Give o(y).
-3
Let q(s) = s**3 + 6*s**2 + 3*s + 15. Let c be q(-6). Let t = c + 2. Let f be (-5 - 1)*t + -4. Let d(k) = k - 1. Determine d(f).
1
Let t be 15/20*(2 + -6) + 7. Let v(l) = l**2 + 3 + t*l - 3 - 7. Determine v(-6).
5
Let v(i) = 5*i + 12. Let g(s) = -4*s - 10. Let q(u) = 3*g(u) + 2*v(u). Give q(-4).
2
Let m(y) = 9*y**3 - y**2 - 2*y - 1. Suppose 5*g - 2*z - 1 = -3*z, -1 = -z. Suppose -5*i - 7 = -g*i + u, -3*u = 6. What is m(i)?
-9
Let s(t) = -t**3 - 7*t**2 - 5*t - 3. Suppose 8 = 3*m - c - 14, 20 = 2*m + 2*c. Let d be 36/16 - (-2)/(-8). Let u = d - m. What is s(u)?
-9
Let c = 42 - 41. Let b(g) = -5*g**2 + 2*g**2 + c + g + 4*g**2. What is b(-2)?
3
Let t be (-4)/12*(4 - 2/2). Let g(m) = m**2 + m + 1. Let a(h) = 28*h + 28. Let l(o) = t*a(o) + 28*g(o). Determine l(1).
28
Let j(b) = b**3 + 3*b**2 - 8*b - 3. Let i(o) = -o + 4*o**2 - o**3 - 29 - 2*o**3 + 34. Let l be i(2). What is j(l)?
-13
Suppose -4*g + 8*g = 0. Let d(b) = 4*b - b - 4*b + 19 + 2*b. Determine d(g).
19
Suppose 4*m - 3*s + 28 = 0, -s + 14 = -3*m + m. Let o(q) = -q**2 - 8*q + 6. Give o(m).
13
Let w = 18 - 21. Let r be 0 + (3 - (3 + w)). Let m(i) be the first derivative of i**3/3 + i**2 - 2*i + 1. Determine m(r).
13
Suppose -o + 12 + 0 = 0. Let l(f) = o*f + 4*f - 10*f. Suppose -2 = 2*w - 4. Calculate l(w).
6
Let v(k) = k**2 + 6*k + 6. Let x(g) = -9*g + 50. Let u be x(6). Calculate v(u).
-2
Let w(i) = -3*i**3 - 2*i**2 + 1. Suppose -3*c + 3*t = -15, -c - 2*t = -6*c + 40. Let b be 90/(-36)*(-4)/c. What is w(b)?
-4
Suppose 4*q = 4*j, -2*j = -4*j + q + 2. Let v(m) = -2 + 11*m**2 + 6*m**j + 0*m + 6*m - 16*m**2. Determine v(-6).
-2
Suppose -3*d + 30 = r, -3*r + 98 = 2*r + 2*d. Let l be 0*(-2)/((-16)/(-4)). Suppose 0*q + 3*q - r = l. Let h(f) = f**3 - 7*f**2 + 7*f + 8. Determine h(q).
14
Let h(z) = 12*z - 9. Let g(j) = -3*j + 2. Suppose -13*w + 16*w = -27. Let u(i) = w*g(i) - 2*h(i). What is u(-2)?
-6
Let m(x) = x**3 - 2*x**2 - 2*x + 3. Let a(w) = w**3 + 10*w**2 + 10*w + 20. Let f be a(-9). Suppose f*j = 15*j - 12. What is m(j)?
6
Let j(q) = -q**2 + 32 - 2*q**2 + 4*q + 4*q**2 - 30. Suppose -w = -0 - 2. Suppose -5*r + 2*i = 5, -w*i = -2*r + 2*i + 14. Calculate j(r).
-1
Let b(o) = -o**2 - 2*o + 6. Let u(l) = 2*l**2 + 3*l - 12. Let h(g) = -5*b(g) - 2*u(g). Calculate h(-8).
26
Let g be 2/(-2) - (-13)/12. Let q(a) be the second derivative of 0 - 6*a + g*a**4 - 7/6*a**3 + 0*a**2. Calculate q(6).
-6
Let u be (-2)/(-4) - (-12)/(-8). Let n(o) = 327*o - 647*o + 1 + 321*o. Give n(u).
0
Let o(b) = b**2 + 10*b + 14. Let g be o(-6). Let s = 9 + g. Let u(i) = -8*i**2 + 1. Determine u(s).
-7
Let p(h) = -h + 6. Let i(t) = 4*t + 19. Let r be i(-4). Suppose -18 = -b - 2*d, -2*d + r*d - 4 = 0. Determine p(b).
-4
Let f(k) = -k**2 - 11*k - 8. Let s be f(-7). Let u = s + -17. Let y(r) = -3*r**3 - r - 13*r**u + 3*r**3. Determine y(-1).
14
Let y(p) = -p**2 - 3*p. Let u(n) = -2*n**2 - 7*n. Suppose -6 = j + 2*k - 15, -j = -k - 9. Let v(d) = j*y(d) - 4*u(d). What is v(0)?
0
Suppose -u - 2*u + 4*v + 147 = 0, -u + 51 = -2*v. Suppose 2*m - 3*j = 5*m, -u = -4*m + 5*j. Let b = 1 + m. Let k(f) = f - 1. What is k(b)?
5
Let f(n) = n**3 + 6*n**2 + 5*n - 22. Let l(u) = -3*u**3 - 12*u**2 - 13*u + 45. Let g(s) = 5*f(s) + 2*l(s). Calculate g(5).
0
Let h(u) = -2*u + 4. Suppose i = 2*i. Suppose -4*p = -i - 12. Suppose -1 = p*t + 8. What is h(t)?
10
Let d(s) = 2*s**3 + 3*s**2 + s. Suppose 4*h + 14 - 24 = 5*i, 5*h + 6 = -3*i. Calculate d(i).
-6
Let r(t) = -244*t**2 - 2*t**3 + 4 - 2*t**3 + 245*t**2 + 4*t. Let g(i) = -9*i**3 + i**2 + 9*i + 8. Let x(h) = -3*g(h) + 7*r(h). Calculate x(4).
8
Let k(a) = -a**3 - a**2 + 3. Suppose 0 = -3*f - 5*w, -3*f = -w - w. Suppose f = 46*o - 41*o. What is k(o)?
3
Let p(a) = 13*a - 12. Let x(s) = 5*s - 3. Let z(j) = 2*p(j) - 6*x(j). What is z(6)?
-30
Let t(q) = -q - 4*q**2 + 6*q**2 + q**2 + 5*q - q**3. Let k = -208 - -212. What is t(k)?
0
Suppose -5*p + 7*p = 4. Let g(l) be the first derivative of l**4/4 + l**2/2 - 90. Give g(p).
10
Let g(q) be the first derivative of q**5/60 + q**4/6 + q**3/2 - 5*q**2 + 12. Let t(p) be the second derivative of g(p). Give t(-2).
-1
Let n(b) = 7*b + 1. Let d(k) = 73*k + 5. Let l(y) = d(y) - 4*n(y). Determine l(-1).
-44
Let f = 404 - 396. Let t(n) = n - 8. What is t(f)?
0
Let y be (-4)/(-3*(-4)/(-6)). Suppose 6*j - y*j = -16. Let p(c) be the third derivative of -c**6/120 - c**5/15 - c**4/6 - c**3/2 + 4*c**2. Determine p(j).
13
Let p(m) = -m**3 - 21*m**2 - 20*m + 11. Let z be p(-20). Let w(u) = -2*u + 18. Determine w(z).
-4
Let n(q) = q**2 - q - 9. Let g(p) = -p**2 + 6*p + 10. Let w = -3 + 10. Let l be g(w). Let v be (l + -3)*(0 + 1). Determine n(v).
-9
Let m(n) = n**3 - 9*n**2 + 9*n - 13. Let c be m(8). Let r(j) = -j**3 - 6*j**2 - j + 2. Determine r(c).
-18
Let c = 125 - 131. Let b(v) = -3*v**2 - 16*v + 8. Determine b(c).
-4
Let b(n) be the second derivative of -1/6*n**3 + 11/12*n**4 + 0*n**2 + 0 - n. Give b(-1).
12
Suppose -3*v + 64 = 112. Let m(n) = -n**2 - 19*n + 9. What is m(v)?
57
Suppose l = 4*n - 19 + 7, 0 = 2*l - n + 3. Suppose l = -2*q - q. Suppose q*k = 3*k + 15. Let a(u) = -u - 7. Calculate a(k).
-2
Let m(l) be the second derivative of 0 - 1/20*l**5 + 14*l + 4*l**2 - 2/3*l**4 + 1/3*l**3. What is m(-8)?
-8
Let j(k) = -2*k**2 - 3*k. Let p = -88 - -103. Let c be (-2)/6 + 32/6. Suppose -c*b = p - 0. Give j(b).
-9
Let c(g) be the second derivative of -g**3/6 - 9*g**2/2 + g - 25. Determine c(-7).
-2
Let d(q) be the first derivative of -q**3/3 + 7*q**2/2 - 9*q + 89. Calculate d(6).
-3
Let g = -569 + 563. Let u(k) be the third derivative of k**4/8 + 7*k**3/6 + k**2. Calculate u(g).
-11
Suppose 8 = q + q - 2*p, 4*p = -q - 11. Let r(n) be the second derivative of 0 + 1/3*n**3 - 1/6*n**4 - 1/5*n**5 + 17*n - 1/2*n**2. What is r(q)?
-5
Let q(l) = 2*l**2 + 14*l